{"id":134,"date":"2024-09-05T18:08:35","date_gmt":"2024-09-05T16:08:35","guid":{"rendered":"https:\/\/lauralecoeur.fr\/?page_id=134"},"modified":"2025-07-24T16:39:30","modified_gmt":"2025-07-24T14:39:30","slug":"qui-suis-je","status":"publish","type":"page","link":"https:\/\/lauralecoeur.fr\/index.php\/qui-suis-je\/","title":{"rendered":"Qui suis-je ?"},"content":{"rendered":"\n<div class=\"wp-block-group\"><div class=\"wp-block-group__inner-container is-layout-constrained wp-block-group-is-layout-constrained\">\n<p>Ayant \u00e9t\u00e9 confront\u00e9e tr\u00e8s jeune \u00e0 la maladie dans mon entourage proche, j\u2019ai \u00e9t\u00e9 sensibilis\u00e9e depuis l&rsquo;enfance \u00e0 poser un regard empathique et attentionn\u00e9 envers les autres, et \u00e0 consid\u00e9rer l\u2019\u00eatre dans sa globalit\u00e9, au-del\u00e0 de la seule dimension physique.<\/p>\n\n\n\n<p>Devenue adulte, j\u2019ai commenc\u00e9 une carri\u00e8re dans l\u2019administration territoriale, que j\u2019ai poursuivie une dizaine d\u2019ann\u00e9es. Mais, il me manquait une dimension sensible, que j\u2019ai abord\u00e9e dans un premier temps au niveau personnel.<\/p>\n\n\n\n<p>J\u2019ai d\u2019abord pratiqu\u00e9 la m\u00e9ditation zen plusieurs ann\u00e9es, puis j\u2019ai d\u00e9couvert le Qi Gong. J\u2019ai tout de suite ressenti les bienfaits d\u2019une bonne circulation de l\u2019\u00e9nergie induite par ces mouvements doux effectu\u00e9s avec lenteur : un corps d\u00e9tendu et un mental apais\u00e9. Progressivement, gr\u00e2ce \u00e0 cette pratique, qui est une branche de l\u2019\u00e9nerg\u00e9tique chinoise, j\u2019ai appris \u00e0 me mettre \u00e0 l\u2019\u00e9coute de mon corps, de mon rythme et de mes ressentis.<\/p>\n\n\n\n<p>J\u2019ai aussi cherch\u00e9 \u00e0 explorer davantage l&rsquo;\u00e9nerg\u00e9tique chinoise par des lectures et en recevant des s\u00e9ances. Ce domaine est tr\u00e8s vite devenu pour moi une \u00e9vidence, de par sa&nbsp;<strong>vision globale de l\u2019\u00eatre humain&nbsp;<\/strong>et sa&nbsp;<strong>conception de la relation corps\/esprit<\/strong>.<\/p>\n\n\n<div class=\"wp-block-image\">\n<figure class=\"aligncenter size-large is-resized\"><img loading=\"lazy\" decoding=\"async\" width=\"768\" height=\"1024\" src=\"https:\/\/lauralecoeur.fr\/wp-content\/uploads\/2025\/07\/photozen-5-768x1024.jpeg\" alt=\"\" class=\"wp-image-554\" style=\"width:289px;height:auto\" srcset=\"https:\/\/lauralecoeur.fr\/wp-content\/uploads\/2025\/07\/photozen-5-768x1024.jpeg 768w, https:\/\/lauralecoeur.fr\/wp-content\/uploads\/2025\/07\/photozen-5-225x300.jpeg 225w, https:\/\/lauralecoeur.fr\/wp-content\/uploads\/2025\/07\/photozen-5.jpeg 1080w\" sizes=\"auto, (max-width: 768px) 100vw, 768px\" \/><\/figure>\n<\/div>\n\n\n<p>Au fil des ann\u00e9es, j\u2019ai finalement d\u00e9cid\u00e9 de suivre cette voie sur le plan professionnel. Apr\u00e8s avoir valid\u00e9 mon cursus en<strong> massage traditionnel chinois \u00e0 l\u2019IFTEM (\u00e9cole agr\u00e9\u00e9e par la F\u00e9d\u00e9ration Nationale de M\u00e9decine Traditionnelle Chinoise)<\/strong>, j\u2019ai compl\u00e9t\u00e9 ma formation en \u00e9nerg\u00e9tique chinoise et en Tuina aupr\u00e8s de l\u2019\u00e9cole du\u00a0<strong>Professeur Eric MARI\u00c9,<\/strong>\u00a0qui a \u00e9t\u00e9 form\u00e9 dans des universit\u00e9s chinoises, ainsi qu\u2019aupr\u00e8s de ma\u00eetres traditionnels, avant d\u2019enseigner lui-m\u00eame en Chine puis en France.<\/p>\n\n\n\n<p>J\u2019ai \u00e9galement suivi un cursus en\u00a0<strong>herboristerie<\/strong>, et des formations sur plusieurs instruments\u00a0de <strong>sonoth\u00e9rapie<\/strong>, dont le diapason. J&rsquo;int\u00e8gre ces connaissances dans mes massages en utilisant des huiles et le diapason.<\/p>\n\n\n\n<p>Aujourd&rsquo;hui, c&rsquo;est avec bonheur que je pratique les massages traditionnels chinois, en ayant le sentiment de faire ce que je suis. <\/p>\n<\/div><\/div>\n\n\n<div class=\"wp-block-image\">\n<figure class=\"aligncenter size-full is-resized\"><img loading=\"lazy\" decoding=\"async\" width=\"318\" height=\"556\" src=\"https:\/\/lauralecoeur.fr\/wp-content\/uploads\/2025\/02\/photo4.jpg\" alt=\"\" class=\"wp-image-305\" style=\"width:96px;height:auto\" srcset=\"https:\/\/lauralecoeur.fr\/wp-content\/uploads\/2025\/02\/photo4.jpg 318w, https:\/\/lauralecoeur.fr\/wp-content\/uploads\/2025\/02\/photo4-172x300.jpg 172w\" sizes=\"auto, (max-width: 318px) 100vw, 318px\" \/><\/figure>\n<\/div>\n\n\n<p class=\"has-text-align-left\"><\/p>\n\n\n\n<p class=\"has-text-align-left has-medium-font-size\"><\/p>\n","protected":false},"excerpt":{"rendered":"<p>Ayant \u00e9t\u00e9 confront\u00e9e tr\u00e8s jeune \u00e0 la maladie dans mon entourage proche, j\u2019ai \u00e9t\u00e9 sensibilis\u00e9e depuis l&rsquo;enfance \u00e0 poser un regard empathique et attentionn\u00e9 envers les autres, et \u00e0 consid\u00e9rer &hellip; <\/p>\n","protected":false},"author":1,"featured_media":575,"parent":0,"menu_order":0,"comment_status":"closed","ping_status":"closed","template":"","meta":{"footnotes":""},"class_list":["post-134","page","type-page","status-publish","has-post-thumbnail","hentry"],"_links":{"self":[{"href":"https:\/\/lauralecoeur.fr\/index.php\/wp-json\/wp\/v2\/pages\/134","targetHints":{"allow":["GET"]}}],"collection":[{"href":"https:\/\/lauralecoeur.fr\/index.php\/wp-json\/wp\/v2\/pages"}],"about":[{"href":"https:\/\/lauralecoeur.fr\/index.php\/wp-json\/wp\/v2\/types\/page"}],"author":[{"embeddable":true,"href":"https:\/\/lauralecoeur.fr\/index.php\/wp-json\/wp\/v2\/users\/1"}],"replies":[{"embeddable":true,"href":"https:\/\/lauralecoeur.fr\/index.php\/wp-json\/wp\/v2\/comments?post=134"}],"version-history":[{"count":43,"href":"https:\/\/lauralecoeur.fr\/index.php\/wp-json\/wp\/v2\/pages\/134\/revisions"}],"predecessor-version":[{"id":599,"href":"https:\/\/lauralecoeur.fr\/index.php\/wp-json\/wp\/v2\/pages\/134\/revisions\/599"}],"wp:featuredmedia":[{"embeddable":true,"href":"https:\/\/lauralecoeur.fr\/index.php\/wp-json\/wp\/v2\/media\/575"}],"wp:attachment":[{"href":"https:\/\/lauralecoeur.fr\/index.php\/wp-json\/wp\/v2\/media?parent=134"}],"curies":[{"name":"wp","href":"https:\/\/api.w.org\/{rel}","templated":true}]}}